 - (3 - (-1 - -8)))?
-5
Calculate -8 + 25 + -92 + 61.
-14
-32 - (-17 - (29 - 23))
-9
What is -10 + (1 - 0) + 1?
-8
What is the value of 18 + (10 - 26) + 19 + 14?
35
(0 - (-10 + -5 + 4) - 3) + -5
3
What is 9 - (-3 + (1 - -2)) - (-1 - 5)?
15
Evaluate -11 - (-18 + -3 + 15).
-5
Evaluate -12 + (-1 - -20) - 6.
1
Evaluate (-2 - 1 - (79 - 83)) + (1 - -3).
5
What is the value of -43 - (-4 - (23 + -11 - 8)) - 3?
-38
What is (2 - 0) + -7 + 13 + -4?
4
What is the value of (-14 + 40 - 11) + -23?
-8
Evaluate -52 + 42 - (-5 - -9).
-14
8 + 16 + 2 + (5 - 11)
20
Calculate (-5 + -2 - 11) + 17.
-1
Calculate -168 + 172 - (2 - (1 + -1)).
2
What is 16 + 3 + (122 - 139)?
2
What is 10 + 13 + 8 + -16?
15
Calculate 10 - 10 - -14 - 1.
13
What is 36 + (-17 - 10) - (7 + -1)?
3
Calculate (-9 - -2) + (6 - 1) + -1 + -21.
-24
What is 16 + -15 + 2 + 12?
15
Calculate (13 - (23 + -8)) + -13.
-15
What is the value of 1 + 3 + -1 - (-22 - -20) - -1?
6
What is the value of -5 - (11 + 5 + -28 - 3)?
10
What is the value of -50 + 25 + 7 + 39?
21
8 + -8 + -12 + 4
-8
What is the value of -2 + 9 + -8 + -2 - 8?
-11
-1 + 29 - (21 + -12)
19
What is the value of -12 - -5 - (11 + -9 + 5 - -1)?
-15
10 + (1 - (2 + (-2 - 4)))
15
-16 + 22 + 1 + -17 + 33
23
What is 6 + (2 - 8) + (18 - -11) + -14?
15
Calculate (3 - -13 - (-4 - -10)) + -17 - -26.
19
Calculate 34 + -5 - -16 - (1 + 15).
29
(-12 - -11) + (5 - (-9 - -5))
8
Evaluate 30 + -21 + -9 + 2 + (-1 - 10).
-9
Calculate -23 + (0 - (8 + -18) - 0).
-13
Evaluate (14 - 8) + 4 + (-5 + 10 - 2).
13
What is -51 - -70 - (0 + 0 + 0) - 2?
17
1 + 2 - (-15 + (14 - -6))
-2
(71 - 74) + (-1 - 0)
-4
Evaluate -9 + 5 + 17 + -24.
-11
3 + 1 + (-4 - -13)
13
What is the value of -7 + -4 + 1 - (-34 - (-7 - 1))?
16
Calculate 14 - (-7 + 13) - 5.
3
What is the value of -10 + (-7 - -9 - -6) - 4?
-6
Evaluate -3 - (-214 - -197 - (1 - 34)).
-19
Calculate 2 - (-4 - (-18 + 2)).
-10
What is -5 - (8 - (17 - (6 - 5) - 8))?
-5
Calculate -2 + 17 + -6 + 5 + -3 + 2.
13
Calculate 6 - (5 - (23 + -9) - -30).
-15
0 - 10 - (3 - (29 + -34))
-18
What is the value of 16 - ((7 - -1) + 6 + -7)?
9
What is (14 - 0) + -119 + 102?
-3
Evaluate 28 + (2 - (-3 - (-5 - (-3 - -9)))).
22
Calculate 32 + 24 + -39 + -18.
-1
What is the value of 1 + 2 + -3 - -5 - (-209 - -230)?
-16
Calculate 9 + ((3 - (0 - -2)) + -6 - -11).
15
Calculate (1 + 2 - (-2 + -1)) + (72 - 66).
12
Calculate (6 - -17) + -39 + 22.
6
What is -4 - (-8 + (-18 + 13 - (-1 - 3)))?
5
What is -20 - (29 - 41) - (-26 + -2 + 0)?
20
Calculate (-1 - -6 - 8) + -1 + 3 + -17.
-18
Calculate (-4 + 5 - 13) + 17.
5
Calculate 12 - (33 + -9 + -8).
-4
Evaluate -2 + 4 - -4 - (-16 - (-51 - -17)).
-12
What is 2 + (-3 - 3 - (-4 - 4))?
4
What is the value of -9 - (-1 + -3 - (48 + -46))?
-3
Calculate -7 - 34 - (9 + -25).
-25
What is the value of (7 - 0 - (-47 - -70)) + 19?
3
What is the value of 3 + -1 - (-11 + -2 + 166 + -145)?
-6
Calculate (-36 - (-9 - 34)) + -1 + -20.
-14
Evaluate -31 - (-36 + 68 - 44).
-19
What is the value of (4 + -2 - (-8 - -14)) + 2?
-2
Calculate 5 + 1 - (13 + 25 - 4).
-28
What is the value of 6 - (-3 + 14) - (0 - -7) - -6?
-6
What is the value of 13 - (-8 - (-7 - 0))?
14
What is the value of -2 + 6 + (145 - 142)?
7
Evaluate 13 + (20 - 48) + 12 + 2.
-1
Calculate 6 + (-1 + 4 - 28 - -2) + 3.
-14
Calculate 1 - 8 - (16 + -53 - -44).
-14
What is 4 + (2 - (18 + (-7 - -17 - 17)))?
-5
Evaluate -4 + 15 + (-30 - -28).
9
7 - 2 - 5 - (-19 - -38)
-19
What is -1 + 3 + 4 - (-10 + 19)?
-3
What is -8 + 11 - ((-9 - -10) + (-1 - 2))?
5
What is -1 + (-7 - -1) - -3 - 2?
-6
Evaluate 16 - (7 - 11) - (2 + 7).
11
-1 - (8 + -6 + -5) - 13
-11
What is (-30 - 5) + 49 + 2?
16
What is the value of 0 + 7 + -1 + 11 + -192 + 188?
13
What is 12 + (-1 - 11) + 3?
3
Evaluate (-13 - (-42 - -6 - -19)) + 13.
17
What is the value of 16 - (16 + 29 + -12)?
-17
What is the value of 65 + -31 + -20 - 32?
-18
What is 2 - ((9 - -11) + -5)?
-13
What is -258 - -238 - (-25 - 0)?
5
Evaluate -11 + -6 + 11 + -8.
-14
What is -14 + -4 + 3 - -28?
13
Calculate 5 - (3 + -4 + 1) - 3.
2
What is 2 - (-11 + 9 - -3) - 3?
-2
(6 - (-1 + 18 + -7)) + -10
-14
Evaluate 0 + (-2 - -9) + 6.
13
-5 - (5 + (-4 - 2))
-4
What is the value of 1 + 2 - (5 - 12) - 3?
7
What is 3 + (-24 - -3 - 6)?
-24
Evaluate 0 - (2 - -5 - 10) - 8.
-5
What is -2 - 0 - (69 + (-116 - -42))?
3
Calculate 0 - (7 + 8 + -20).
5
Evaluate 4 + (-2 - -8) + -5 + 2 + -1.
6
Calculate 9 + (-1 - 6) + (16 - 2).
16
(-70 + 25 - -8) + 24
-13
Evaluate (23 - 11) + (29 - 27).
14
What is 3 + -3 - (-17 + -6 + 13)?
10
(15 - -3) + -4 - -2
16
Calculate 6 + (-3 - -4) - (23 - 37).
21
What is the value of -31 - (-5 + -32 + 19)?
-13
What is the value of 9 - (-9 + 11) - (3 + -5 + -2)?
11
-4 - (-1 + -7) - (14 - -4)
-14
(17 - -21) + -75 + 27
-10
What is (-8 - (6 + -4)) + -18 + 12?
-16
Calculate 2 - 10 - ((-6 + 25 - 10) + -4).
-13
What is (0 - 6) + (-3 - -5 - (3 - 3))?
-4
-13 + (12 - 14 - -9)
-6
What is -35 + -1 + 18 - 3?
-21
Calculate (4 - (1 + 2)) + (43 - 47).
-3
What is the value of (10 - 14) + 4 + (-5 - 0) + -4?
-9
What is (-11 - (-1 + -2)) + (-18 - -11) + 6?
-9
What is 13 - ((0 - -1) + -14 + 13 - -6)?
7
Calculate 7 + -5 + (1 + -10 + 7 - -12).
12
Calculate -4 + 2 - (-216 - -199).
15
5 + 25 + -5 - (-180 + 189)
16
What is the value of (7 - (5 + -2)) + (-4 - (-11 + 19))?
-8
Evaluate -8 + -23 + 22 + 4.
-5
Evaluate (-47 + 9 - -35) + (1 - (-1 - -7)).
-8
What is 40 + (16 - 45 - -5)?
16
Calculate -3 + 0 + -18 + (0 - -21).
0
Evaluate (0 - (9 - 13)) + -9 + 10.
5
(-2 - (-10 + 11)) + 24
21
-8 - (11 - 8) - -10 - -12 - -1
12
What is (31 - 11) + -15 + -17?
-12
What is the value of -3 + 14 - ((-10 + 4 - -16) + -8)?
9
Calculate -21 + -4 - ((-1 - 33) + 30).
-21
Evaluate (10 - 12) + -13 + (7 - 0).
-8
What is the value of -1 + (-8 - -3 - 1) + 7?
0
What is the value of -3 + -6 - (-18 - 15)?
24
What is 4 + (8 - 2) + 8 + 0 + -11?
7
32 + -27 - (-24 - -8)
21
Evaluate 1 + 1 + 1 - ((-55 - -41) + 16).
1
Calculate 3 + -4 + 6 + 1 + (-3 - 7).
-4
Calculate -11 + -31 + 31 + 2 + -5 + 1.
-13
What is -1 + (6 - 4) + (9 - 1)?
9
(-4 - -17) + -17 - -11
7
What is -1 - (-2 - (3 + -1) - (-238 + 247))?
12
What is the value of 5 + (-32 + 31 - (9 - 1)) + 0?
-4
What is -8 - (-1 + (13 + -4 - 5))?
-11
Calculate (8 - (0 - 10)) + -11.
7
((13 - 23) + 22 - 37) + 16
-9
Evaluate (-5 - 1) + (13 - (23 - 40)).
24
Evaluate -7 + (12 - 19 - (-2 - -2)).
-14
Calculate -4 + 30 + 28 + -27 + 1 + -1.
27
Evaluate 19 + -14 - -23 - 21 - (-30 - 1).
38
What is the value of -8 - (35 - 43 - (-1 + -15))?
-16
(16 - 13) + 10 + (2 - 2)
13
Evaluate (-57 - -48) + (1 - -11) + 0 + -3.
0
Evaluate 17 + -11 - (9 - -7).
-10
Evaluate 1 + -6 - 0 - (-35 + 16 + 15).
-1
Evaluate -18 - ((-15 - -19) + -41).
19
What is the value of -22 - (10 + (-103 - -112) + -6 + -2)?
-33
Evaluate 0 + 0 - (-2 - 1) - (-19 - -11).
11
(-10 - -9 - (-7 - 11)) + -1
16
Evaluate 1 - (-12 - (-10 + 2)).
5
-30 - (27 + -54 - 26)
23
What is -14 - (-4 - 10) - 1?
-1
(-1 - 0 - -1) + 17 + -24
-7
Calculate 2 + 5 + -10 + 0 - 0.
-3
What is the value of (5 - -3) + 5 + -9 + 2?
6
Calculate -310 - -303 - (-27 - 3).
23
Calculate -8 + (-4 - -11) + -11.
-12
What is the value of -8 + (-1 + 0 - 7 - (-1 + 5))?
-20
What is -12 - (-3 + 6) - (-22 - -21)?
-14
Calculate -12 - (-12 + -12) - ((8 - 0) + -7).
11
What is 11 + -5 + (5 - 0) + -9?
2
((-19 - -16) + (2 - 1) - -3) + -14
-13
What is the value of -26 + (-15 - -9) + 8?
-24
What is 9 - (13 - (4 - -2)) - -13?
15
What is the value of 0 + 14 - (4 - (-8 + 8))?
10
What is (-3 - (2 - -4)) + 170 + -167?
-6
Evaluate -3 - (0 + -7) - (-7 - (-15 + 7)).
3
What is the value of -1 + (-2 - 4 - -15) + 0?
8
What is the value of -12 + (-6 - -4) + 15?
1
What is -37 + (-10 - -4 - -15) - (-14 - -3)?
-17
What is the value of (-2 + (4 - -2) - -1) + 4 + 2?
11
Evaluate 1 + -1 - 0 - (8 + -1) - -21.
14
Calculate -1 + (5 + -1 - (7 + -11)) - 4.
3
1 + -36 + 51 - 9
7
What is (-8 - (36 + -29)) + (-3 - -10)?
-8
Evaluate -14 - 0 - (6 - (1 + 10)).
-9
What is -7 + 32 - 10 - 4?
11
Calculate 7 + -5 - (-1 - -4) - (8 - 7).
-2
Calculate 12 + (-3 + -27 - (7 - 8)).
-17
-13 - (4 + -24) - (-14 + 4)
17
Calculate -6 - (8 + -2 + -19) - -2.
9
Evaluate 11 - (-4 - -6 - 3) - (8 - -12).
-8
-19 + (-4 - (11 - 34)) - (-11 + -3)
14
-3 + 10 + (17 - (0 + 12 - 5))
17
Calculate 7 + -9 - 15 - (0 - -7 - 8).
-16
Evaluate -2